inder when 20 is divided by 9?
2
Calculate the remainder when 48 is divided by 25.
23
What is the remainder when 243 is divided by 17?
5
What is the remainder when 340 is divided by 57?
55
Calculate the remainder when 8466 is divided by 163.
153
What is the remainder when 676 is divided by 17?
13
Calculate the remainder when 1340 is divided by 237.
155
What is the remainder when 1543 is divided by 761?
21
Calculate the remainder when 1619 is divided by 55.
24
Calculate the remainder when 33 is divided by 19.
14
What is the remainder when 200 is divided by 17?
13
What is the remainder when 110 is divided by 7?
5
What is the remainder when 96 is divided by 37?
22
What is the remainder when 3145 is divided by 116?
13
What is the remainder when 2785 is divided by 14?
13
Calculate the remainder when 58 is divided by 19.
1
What is the remainder when 1169 is divided by 148?
133
Calculate the remainder when 170 is divided by 57.
56
What is the remainder when 12494 is divided by 7?
6
What is the remainder when 47 is divided by 8?
7
What is the remainder when 64 is divided by 10?
4
Calculate the remainder when 2230 is divided by 23.
22
Calculate the remainder when 1262 is divided by 11.
8
What is the remainder when 1502 is divided by 105?
32
Calculate the remainder when 533 is divided by 44.
5
What is the remainder when 42 is divided by 37?
5
What is the remainder when 881 is divided by 293?
2
Calculate the remainder when 1105 is divided by 63.
34
What is the remainder when 259 is divided by 5?
4
What is the remainder when 1652 is divided by 36?
32
What is the remainder when 335 is divided by 28?
27
Calculate the remainder when 337 is divided by 4.
1
What is the remainder when 118 is divided by 71?
47
Calculate the remainder when 479 is divided by 30.
29
Calculate the remainder when 1726 is divided by 132.
10
Calculate the remainder when 76 is divided by 44.
32
What is the remainder when 100 is divided by 36?
28
What is the remainder when 929 is divided by 220?
49
What is the remainder when 95 is divided by 54?
41
Calculate the remainder when 462 is divided by 94.
86
What is the remainder when 694 is divided by 179?
157
What is the remainder when 671 is divided by 84?
83
Calculate the remainder when 107 is divided by 85.
22
Calculate the remainder when 92 is divided by 50.
42
Calculate the remainder when 436 is divided by 107.
8
What is the remainder when 1795 is divided by 225?
220
Calculate the remainder when 31 is divided by 12.
7
What is the remainder when 596 is divided by 15?
11
What is the remainder when 96 is divided by 11?
8
Calculate the remainder when 1375 is divided by 15.
10
What is the remainder when 690 is divided by 63?
60
Calculate the remainder when 334 is divided by 19.
11
What is the remainder when 112 is divided by 35?
7
What is the remainder when 185 is divided by 4?
1
What is the remainder when 6641 is divided by 1657?
13
What is the remainder when 483 is divided by 88?
43
What is the remainder when 315 is divided by 29?
25
Calculate the remainder when 1198 is divided by 40.
38
Calculate the remainder when 537 is divided by 17.
10
What is the remainder when 25 is divided by 2?
1
What is the remainder when 2836 is divided by 43?
41
Calculate the remainder when 70 is divided by 32.
6
Calculate the remainder when 265 is divided by 138.
127
What is the remainder when 485 is divided by 36?
17
Calculate the remainder when 2281 is divided by 76.
1
Calculate the remainder when 807 is divided by 101.
100
Calculate the remainder when 41 is divided by 1.
0
What is the remainder when 767 is divided by 156?
143
What is the remainder when 89 is divided by 56?
33
What is the remainder when 249 is divided by 70?
39
Calculate the remainder when 285 is divided by 73.
66
Calculate the remainder when 113 is divided by 23.
21
Calculate the remainder when 933 is divided by 13.
10
Calculate the remainder when 1534 is divided by 29.
26
Calculate the remainder when 679 is divided by 114.
109
What is the remainder when 136 is divided by 40?
16
What is the remainder when 108 is divided by 24?
12
What is the remainder when 329 is divided by 15?
14
What is the remainder when 7371 is divided by 26?
13
Calculate the remainder when 38 is divided by 13.
12
Calculate the remainder when 55 is divided by 26.
3
Calculate the remainder when 612 is divided by 80.
52
What is the remainder when 46 is divided by 12?
10
What is the remainder when 317 is divided by 20?
17
Calculate the remainder when 33 is divided by 9.
6
What is the remainder when 2129 is divided by 30?
29
What is the remainder when 562 is divided by 12?
10
What is the remainder when 158 is divided by 7?
4
What is the remainder when 125 is divided by 91?
34
What is the remainder when 22 is divided by 8?
6
Calculate the remainder when 3899 is divided by 100.
99
What is the remainder when 416 is divided by 128?
32
Calculate the remainder when 51 is divided by 9.
6
What is the remainder when 984 is divided by 245?
4
What is the remainder when 226 is divided by 74?
4
What is the remainder when 77 is divided by 19?
1
Calculate the remainder when 1436 is divided by 15.
11
What is the remainder when 178 is divided by 123?
55
What is the remainder when 370 is divided by 117?
19
Calculate the remainder when 133 is divided by 113.
20
What is the remainder when 1920 is divided by 33?
6
Calculate the remainder when 72 is divided by 34.
4
What is the remainder when 186 is divided by 9?
6
Calculate the remainder when 80 is divided by 44.
36
What is the remainder when 1882 is divided by 34?
12
Calculate the remainder when 4175 is divided by 76.
71
Calculate the remainder when 130 is divided by 46.
38
What is the remainder when 166 is divided by 70?
26
What is the remainder when 380 is divided by 97?
89
What is the remainder when 97 is divided by 15?
7
Calculate the remainder when 929 is divided by 158.
139
What is the remainder when 2187 is divided by 20?
7
What is the remainder when 506 is divided by 34?
30
Calculate the remainder when 1076 is divided by 22.
20
What is the remainder when 5558 is divided by 51?
50
Calculate the remainder when 11646 is divided by 32.
30
What is the remainder when 287 is divided by 4?
3
Calculate the remainder when 1393 is divided by 2.
1
Calculate the remainder when 148 is divided by 14.
8
What is the remainder when 68 is divided by 11?
2
What is the remainder when 229 is divided by 22?
9
Calculate the remainder when 32 is divided by 7.
4
Calculate the remainder when 772 is divided by 20.
12
What is the remainder when 131 is divided by 8?
3
What is the remainder when 63 is divided by 7?
0
What is the remainder when 4982 is divided by 116?
110
What is the remainder when 1052 is divided by 86?
20
Calculate the remainder when 559 is divided by 6.
1
Calculate the remainder when 5453 is divided by 303.
302
What is the remainder when 119 is divided by 85?
34
Calculate the remainder when 475 is divided by 79.
1
What is the remainder when 428 is divided by 167?
94
Calculate the remainder when 38520 is divided by 34.
32
Calculate the remainder when 65 is divided by 7.
2
What is the remainder when 530 is divided by 3?
2
What is the remainder when 473 is divided by 469?
4
What is the remainder when 1164 is divided by 582?
0
What is the remainder when 77 is divided by 3?
2
What is the remainder when 137 is divided by 14?
11
Calculate the remainder when 6220 is divided by 122.
120
Calculate the remainder when 153 is divided by 55.
43
What is the remainder when 1774 is divided by 196?
10
What is the remainder when 51 is divided by 29?
22
Calculate the remainder when 238 is divided by 50.
38
What is the remainder when 3094 is divided by 86?
84
Calculate the remainder when 4278 is divided by 26.
14
Calculate the remainder when 250 is divided by 11.
8
Calculate the remainder when 285 is divided by 217.
68
What is the remainder when 842 is divided by 197?
54
What is the remainder when 15 is divided by 2?
1
Calculate the remainder when 2 is divided by 1.
0
What is the remainder when 201 is divided by 52?
45
Calculate the remainder when 76 is divided by 16.
12
What is the remainder when 69 is divided by 12?
9
Calculate the remainder when 326 is divided by 7.
4
What is the remainder when 3728 is divided 